?
4
What is the units digit of 46834?
4
What is the ten thousands digit of 13340550?
4
What is the ten millions digit of 19438264?
1
What is the hundred thousands digit of 11850518?
8
What is the ten thousands digit of 446127?
4
What is the millions digit of 4397849?
4
What is the hundred thousands digit of 667616?
6
What is the hundred thousands digit of 341321?
3
What is the hundred thousands digit of 529157?
5
What is the hundreds digit of 3124719?
7
What is the tens digit of 2342385?
8
What is the hundreds digit of 20865070?
0
What is the units digit of 13112935?
5
What is the hundreds digit of 1634033?
0
What is the ten thousands digit of 2030215?
3
What is the ten thousands digit of 98749?
9
What is the hundreds digit of 8859?
8
What is the hundreds digit of 1039084?
0
What is the ten thousands digit of 80926?
8
What is the tens digit of 495366?
6
What is the thousands digit of 6176588?
6
What is the hundred thousands digit of 5881957?
8
What is the tens digit of 1465477?
7
What is the thousands digit of 54199?
4
What is the millions digit of 3665925?
3
What is the hundred thousands digit of 7086480?
0
What is the hundreds digit of 755413?
4
What is the tens digit of 31971?
7
What is the hundred thousands digit of 471793?
4
What is the units digit of 1116420?
0
What is the millions digit of 11948247?
1
What is the tens digit of 185869?
6
What is the millions digit of 18515180?
8
What is the hundred thousands digit of 5357183?
3
What is the thousands digit of 253862?
3
What is the thousands digit of 156910?
6
What is the tens digit of 16519401?
0
What is the units digit of 165392?
2
What is the tens digit of 908418?
1
What is the hundred thousands digit of 127464?
1
What is the hundred thousands digit of 3230834?
2
What is the ten thousands digit of 8967207?
6
What is the tens digit of 35984884?
8
What is the hundreds digit of 815601?
6
What is the ten thousands digit of 1333946?
3
What is the hundreds digit of 10549720?
7
What is the hundred thousands digit of 220709?
2
What is the units digit of 403305?
5
What is the hundreds digit of 26037387?
3
What is the tens digit of 1546058?
5
What is the hundreds digit of 16500396?
3
What is the ten thousands digit of 857105?
5
What is the thousands digit of 1181840?
1
What is the hundreds digit of 595762?
7
What is the hundred thousands digit of 2784638?
7
What is the tens digit of 441519?
1
What is the hundred thousands digit of 4358986?
3
What is the thousands digit of 381639?
1
What is the ten thousands digit of 309175?
0
What is the ten thousands digit of 15111108?
1
What is the hundred thousands digit of 460043?
4
What is the hundreds digit of 7667541?
5
What is the hundred thousands digit of 296510?
2
What is the hundreds digit of 647912?
9
What is the thousands digit of 4895983?
5
What is the units digit of 4000974?
4
What is the hundred thousands digit of 745623?
7
What is the ten thousands digit of 7838517?
3
What is the millions digit of 2576682?
2
What is the hundreds digit of 180191?
1
What is the units digit of 72855?
5
What is the units digit of 198691?
1
What is the hundreds digit of 1258133?
1
What is the units digit of 1168409?
9
What is the ten thousands digit of 946001?
4
What is the units digit of 18254551?
1
What is the millions digit of 5266435?
5
What is the ten thousands digit of 310345?
1
What is the tens digit of 1511756?
5
What is the ten thousands digit of 2123524?
2
What is the tens digit of 705854?
5
What is the hundreds digit of 219756?
7
What is the hundreds digit of 55553?
5
What is the hundreds digit of 39948?
9
What is the units digit of 2823893?
3
What is the hundred thousands digit of 2386604?
3
What is the thousands digit of 414316?
4
What is the thousands digit of 12929977?
9
What is the thousands digit of 4386894?
6
What is the millions digit of 4532224?
4
What is the units digit of 27812?
2
What is the thousands digit of 249385?
9
What is the units digit of 638174?
4
What is the millions digit of 2091320?
2
What is the thousands digit of 32974?
2
What is the tens digit of 50180?
8
What is the ten millions digit of 38426770?
3
What is the units digit of 347151?
1
What is the tens digit of 11040270?
7
What is the ten thousands digit of 2978832?
7
What is the units digit of 221659?
9
What is the tens digit of 73354?
5
What is the ten millions digit of 21908000?
2
What is the thousands digit of 407617?
7
What is the tens digit of 359507?
0
What is the hundreds digit of 56849?
8
What is the thousands digit of 480566?
0
What is the tens digit of 713169?
6
What is the hundred thousands digit of 652339?
6
What is the hundred thousands digit of 5941783?
9
What is the tens digit of 6738?
3
What is the hundreds digit of 369100?
1
What is the ten thousands digit of 1156423?
5
What is the hundreds digit of 258954?
9
What is the hundreds digit of 3684093?
0
What is the ten thousands digit of 985261?
8
What is the ten thousands digit of 133235?
3
What is the ten thousands digit of 16765845?
6
What is the tens digit of 1836435?
3
What is the hundreds digit of 383187?
1
What is the thousands digit of 5272235?
2
What is the thousands digit of 2082574?
2
What is the ten thousands digit of 1314373?
1
What is the thousands digit of 2313824?
3
What is the millions digit of 1171573?
1
What is the ten thousands digit of 508842?
0
What is the tens digit of 19838887?
8
What is the hundreds digit of 211676?
6
What is the units digit of 225137?
7
What is the ten thousands digit of 1392351?
9
What is the thousands digit of 1597917?
7
What is the tens digit of 310158?
5
What is the units digit of 127664?
4
What is the tens digit of 219945?
4
What is the ten thousands digit of 841123?
4
What is the millions digit of 3198523?
3
What is the hundred thousands digit of 918747?
9
What is the tens digit of 238378?
7
What is the tens digit of 19188890?
9
What is the units digit of 601761?
1
What is the thousands digit of 728108?
8
What is the ten thousands digit of 893396?
9
What is the hundred thousands digit of 12172921?
1
What is the units digit of 505764?
4
What is the units digit of 210440?
0
What is the millions digit of 13995034?
3
What is the tens digit of 14839992?
9
What is the ten thousands digit of 31973?
3
What is the ten thousands digit of 8468088?
6
What is the hundred thousands digit of 107085?
1
What is the hundred thousands digit of 2206810?
2
What is the hundred thousands digit of 202236?
2
What is the units digit of 352977?
7
What is the thousands digit of 203556?
3
What is the thousands digit of 5382358?
2
What is the millions digit of 1820348?
1
What is the hundreds digit of 2462561?
5
What is the thousands digit of 71489?
1
What is the hundreds digit of 11278458?
4
What is the hundreds digit of 2115009?
0
What is the units digit of 217310?
0
What is the units digit of 235256?
6
What is the millions digit of 8553374?
8
What is the units digit of 20653645?
5
What is the hundreds digit of 4706048?
0
What is the tens digit of 192341?
4
What is the hundreds digit of 3344120?
1
What is the thousands digit of 10838510?
8
What is the ten thousands digit of 1825805?
2
What is the tens digit of 19433987?
8
What is the millions digit of 4497849?
4
What is the tens digit of 2032569?
6
What is the thousands digit of 1048835?
8
What is the tens digit of 493898?
9
What is the thousands digit of 630294?
0
What is the tens digit of 5433567?
6
What is the ten thousands digit of 391521?
9
What is the units digit of 1086265?
5
What is the ten thousands digit of 165216?
6
What is the units digit of 367958?
8
What is the hundreds digit of 1155148?
1
What is the units digit of 255918?
8
What is the hundred thousands digit of 427066?
4
What is the thousands digit of 3944375?
4
What is the millions digit of 5850087?
5
What is the millions digit of 4896830?
4
What is the tens digit of 891952?
5
What is the thousands digit of 16814806?
4
What is the thousands digit of 7674088?
4
What is the units digit of 124418?
8
What is the thousands digit of 81900?
1
What is the ten thousands digit of 156921?
5
What is the tens digit of 234148?
4
What is the tens digit of 791176?
7
What is the hundred thousands digit of 264721?
2
What is the thousands digit of 422183?
2
What is the thousands digit of 411